test common divisor of 13095 and 5203953.
2619
What is the highest common divisor of 225 and 6552?
9
What is the highest common divisor of 5644 and 128152?
332
Calculate the greatest common divisor of 1629 and 15426.
9
Calculate the highest common factor of 15 and 6880035.
15
What is the highest common divisor of 59571 and 18?
9
Calculate the greatest common factor of 1269 and 9259.
47
What is the greatest common divisor of 637 and 79079?
91
Calculate the highest common factor of 291 and 34241.
97
What is the highest common factor of 455063 and 7?
7
Calculate the greatest common factor of 19770 and 14490.
30
Calculate the greatest common divisor of 706648 and 152.
152
What is the highest common factor of 2109 and 51585?
57
Calculate the greatest common divisor of 603 and 999.
9
What is the greatest common divisor of 48762 and 405?
81
What is the highest common divisor of 42168 and 140?
28
What is the greatest common divisor of 1180157 and 22?
11
Calculate the highest common divisor of 22253 and 154.
77
Calculate the greatest common divisor of 17014 and 4042.
94
What is the greatest common factor of 3210 and 216033?
321
Calculate the greatest common factor of 7631 and 1625.
13
Calculate the greatest common divisor of 1410 and 19830.
30
Calculate the greatest common factor of 716 and 829486.
358
What is the greatest common factor of 663 and 100997?
221
Calculate the highest common factor of 1679882 and 571.
571
What is the highest common factor of 26313 and 119751?
537
Calculate the greatest common factor of 9846684 and 324.
324
What is the highest common factor of 92 and 249826?
46
Calculate the greatest common factor of 782 and 309281.
391
Calculate the greatest common divisor of 13650 and 74550.
1050
Calculate the greatest common divisor of 3216 and 22224.
48
What is the greatest common divisor of 27136 and 66048?
512
What is the greatest common factor of 3528112 and 2890?
578
What is the greatest common divisor of 18 and 3060240?
6
What is the greatest common factor of 42 and 27006?
42
Calculate the greatest common factor of 286 and 1001.
143
What is the highest common divisor of 12720 and 52320?
240
Calculate the greatest common factor of 26670 and 630.
210
What is the highest common factor of 973044 and 360?
36
What is the highest common factor of 339 and 2175024?
339
What is the highest common factor of 4864 and 20824?
152
What is the greatest common factor of 47952 and 6882?
222
What is the highest common factor of 10 and 277435?
5
Calculate the highest common factor of 192894 and 1014.
78
What is the greatest common factor of 56 and 70742?
14
Calculate the greatest common factor of 89792 and 2944.
1472
Calculate the greatest common factor of 12446 and 4312.
98
What is the greatest common factor of 50 and 5691970?
10
What is the greatest common factor of 15 and 2003415?
15
Calculate the highest common factor of 398946 and 4.
2
Calculate the greatest common divisor of 311519 and 3092.
773
What is the highest common divisor of 9612 and 351?
27
Calculate the highest common divisor of 2232 and 51.
3
What is the greatest common divisor of 44 and 16566?
22
What is the greatest common factor of 18 and 2552454?
18
What is the highest common factor of 328 and 56006?
82
Calculate the highest common factor of 640744 and 260.
52
Calculate the greatest common factor of 443180 and 20.
20
Calculate the highest common factor of 14127 and 28531.
277
Calculate the highest common divisor of 4868120 and 80.
40
Calculate the greatest common divisor of 28756 and 56.
28
Calculate the greatest common factor of 8624 and 3520.
176
What is the greatest common divisor of 98107 and 6409?
493
What is the greatest common divisor of 1974 and 12408?
282
Calculate the greatest common divisor of 804986 and 546.
182
What is the greatest common factor of 230 and 250?
10
What is the highest common divisor of 2 and 457164?
2
Calculate the greatest common divisor of 42 and 678378.
6
Calculate the highest common factor of 27 and 148293.
9
Calculate the greatest common factor of 12 and 24834.
6
What is the highest common factor of 3419 and 51022?
263
What is the highest common divisor of 6952 and 29704?
632
Calculate the greatest common factor of 13366 and 656.
82
Calculate the greatest common factor of 265 and 1635.
5
Calculate the greatest common factor of 15 and 1428270.
15
Calculate the greatest common factor of 342 and 477.
9
What is the highest common factor of 79396 and 92?
92
Calculate the highest common factor of 454 and 18236726.
454
Calculate the greatest common divisor of 960 and 16224.
96
What is the highest common factor of 113589 and 35?
7
Calculate the highest common factor of 192 and 40251.
3
Calculate the highest common divisor of 14040 and 148005.
585
Calculate the greatest common factor of 190870 and 20.
10
Calculate the greatest common factor of 1182 and 27974.
394
Calculate the highest common factor of 6846 and 1722.
42
What is the greatest common divisor of 410060 and 2525?
505
Calculate the highest common factor of 386 and 219441.
193
Calculate the greatest common divisor of 210 and 10890.
30
What is the highest common divisor of 71831 and 109?
109
What is the greatest common factor of 44 and 40444?
4
What is the greatest common factor of 35579 and 17411?
757
What is the greatest common divisor of 60 and 2669295?
15
Calculate the greatest common factor of 1431 and 488448.
477
Calculate the highest common factor of 1955 and 1.
1
What is the highest common factor of 1029 and 207172?
343
Calculate the highest common factor of 16158 and 1578.
6
What is the greatest common factor of 25344 and 648?
72
Calculate the highest common divisor of 216087 and 141474.
969
Calculate the greatest common divisor of 42100 and 15.
5
What is the greatest common factor of 230 and 2162?
46
What is the greatest common divisor of 394420 and 1025?
205
Calculate the greatest common divisor of 49915 and 67795.
745
What is the greatest common factor of 2457 and 143793?
117
What is the highest common divisor of 78 and 19086?
6
What is the greatest common divisor of 8595 and 135?
45
What is the greatest common factor of 136320 and 31524?
852
Calculate the highest common divisor of 100 and 409925.
25
Calculate the greatest common divisor of 294748 and 93.
31
Calculate the highest common factor of 462176 and 117.
13
Calculate the greatest common factor of 4966 and 51298.
26
What is the highest common divisor of 724535 and 10668?
889
Calculate the highest common divisor of 28 and 137410.
14
What is the greatest common factor of 63790 and 250?
10
Calculate the greatest common divisor of 589 and 361.
19
Calculate the highest common divisor of 467844 and 156.
156
What is the highest common factor of 8 and 2204?
4
Calculate the greatest common divisor of 19935 and 153.
9
What is the highest common factor of 9958 and 7202?
26
What is the greatest common divisor of 10603 and 161?
23
Calculate the greatest common divisor of 74 and 104488.
74
Calculate the greatest common divisor of 420535 and 1510.
755
Calculate the greatest common divisor of 96 and 12768.
96
Calculate the highest common divisor of 12 and 128836.
4
Calculate the highest common divisor of 488 and 227164.
244
Calculate the highest common divisor of 2275070 and 490.
490
What is the greatest common factor of 5319 and 137112?
591
What is the greatest common factor of 3879 and 711?
9
Calculate the highest common divisor of 628980 and 9240.
660
Calculate the highest common divisor of 6255 and 71585.
695
Calculate the greatest common divisor of 4933700 and 479.
479
What is the greatest common divisor of 88 and 902?
22
Calculate the greatest common divisor of 111 and 622377.
111
Calculate the highest common factor of 25 and 18675.
25
What is the highest common divisor of 2257215 and 15?
15
What is the highest common divisor of 298506 and 91?
13
Calculate the highest common factor of 119 and 51000.
17
What is the greatest common divisor of 1105 and 7540?
65
What is the highest common divisor of 12455 and 5875?
235
What is the greatest common factor of 103 and 778577?
103
Calculate the highest common divisor of 255 and 6940.
5
Calculate the greatest common factor of 47470 and 6768.
94
Calculate the greatest common divisor of 300 and 8